tens digit of b(x)?
2
Suppose -4*w + c - 3*c = -416, 4*w - 2*c - 400 = 0. Suppose -20 + 8 = -3*q. Suppose 0 = 4*b + i - w, q*i = -0*b + 3*b - 67. What is the units digit of b?
5
Suppose 0 = -0*j - 5*j + 20. Let h be ((-15)/(-6))/(2/j). What is the tens digit of 3 + 1 - (-60 - h)?
6
Let d = -3 + 9. Suppose 3*p = 189 - d. What is the tens digit of p?
6
Suppose 0 = 5*y - 4*p + 5 + 3, 8 = 4*y + 4*p. What is the tens digit of -8*(0 + -2 + 0) - y?
1
Let x be ((-6)/(-4) - 3)/(3/16). Let f(i) = -i**3 - 6*i**2 - 9*i - 7. What is the tens digit of f(x)?
9
Let i be 5 - ((-2)/2 - -2). Let t be 2 + 2 + 4 - -3. What is the tens digit of t - 2/i*-2?
1
Suppose -15936 - 5652 = -14*i. What is the tens digit of i?
4
Let o = 9 + -6. Suppose 1 - 2 = -l + o*f, -20 = -5*f. Let k = -6 + l. What is the units digit of k?
7
Let q = -46 - -446. What is the hundreds digit of q?
4
Suppose 9*u - 8*u + h - 978 = 0, 5*h = 5*u - 4840. What is the tens digit of u?
7
Suppose 32*j + 4*r = 29*j + 4994, 3332 = 2*j + 2*r. What is the thousands digit of j?
1
Suppose 0 = -136*o + 138*o - 1644. What is the hundreds digit of o?
8
Let y(k) = k**3 - 6*k**2 - 7*k + 7. Let f be y(7). Suppose 3*j - 9 = -2*d + f, d - 2 = -3*j. What is the units digit of 4/d - 645/(-21)?
1
Suppose 2*t = -3*t + 15. Suppose 2*l = 2*g - 48, -t*l = -l - 4. Let r = g + -17. What is the units digit of r?
9
Let v(h) be the first derivative of -1/2*h**2 + 2*h - 4 + 37/3*h**3. What is the tens digit of v(1)?
3
Suppose 3*j + 20*j - 16514 = 0. What is the hundreds digit of j?
7
Let g(d) be the second derivative of d**3/6 - d**2 + 7*d. Let w be g(1). Let s(z) = -22*z + 1. What is the units digit of s(w)?
3
Let j(t) = 1108*t + 39. What is the thousands digit of j(2)?
2
Let o be 1 + ((-3)/1 - -7). Suppose -3*t - 4 = -o*x, 5*t = 2*t + x + 4. What is the tens digit of (185/(-15))/(t/(-6))?
3
Let k = 28 + 2. Let t be (36/k)/(2/115). Suppose 0 = -4*x + t - 1. What is the tens digit of x?
1
Let l(k) = k + 6. Let h be l(-3). Suppose 3*f - 29 = -5*i, 0 = -h*i - 2*i - 4*f + 32. Suppose 0*o - o + 3 = 4*d, 0 = -i*o - d + 57. What is the tens digit of o?
1
Let q = -2 + 7. Let n(b) = b**2 + 2*b - 3. What is the units digit of n(q)?
2
Let k = 848 + -376. What is the units digit of k?
2
Let t = 5353 - 3114. What is the thousands digit of t?
2
Let r = 25 + -9. Let n = 101 - r. Suppose -5*p - 5*l + n = 0, -4*p + 2*l = -p - 36. What is the tens digit of p?
1
Suppose -27*q + 13442 = -5*q. What is the tens digit of q?
1
Let y = -9 + 11. Suppose 0 = -y*s + 6, -5*a - 444 = -a + 4*s. Let m = -65 - a. What is the units digit of m?
9
Let j = 990 - 439. What is the tens digit of j?
5
Let j = -187 - -536. What is the tens digit of j?
4
Let f(z) = z**3 + 7*z**2 - 9*z - 8. Let i be f(-8). Suppose i = 28*k - 26*k - 10. Suppose -k*q + 138 = -122. What is the tens digit of q?
5
What is the hundreds digit of ((-18)/(-7))/((-42)/(-13426))?
8
Let k(x) = x**2 - 17*x + 18. Let b be k(15). What is the tens digit of 607/7 + b/(-42)?
8
Let h(u) = -u**3 - 12*u**2 - 22*u - 13. Let x be h(-10). Let t(v) = v**2 - v + 23. What is the tens digit of t(x)?
6
Suppose 5*q + 0*q + 140 = 5*x, 140 = -5*q + x. Let v = q + 61. What is the units digit of (v + 3)*1/2?
8
Let k = -10 - -13. Let y(s) = 1 - k*s**2 - 8*s - 3*s**2 + 5*s**2. What is the units digit of y(-7)?
8
Let u be (-40)/(-6) + 4/12 - -1. Suppose u*w - 440 = 3*w. What is the tens digit of w?
8
Suppose 0 = -4*s - 8, 5*v + 2*s - 3076 = -0*s. What is the hundreds digit of v?
6
Suppose -5*g - 374 = -3*r, 4*r - 5*r + 4*g + 113 = 0. Suppose -963 - r = -4*w. What is the units digit of w?
4
Let n be 8/(-3)*21/(-14). Suppose 42 = 2*t - 3*f, 0*f - 90 = -n*t + 3*f. Suppose 6*i - 4*i - t = 0. What is the units digit of i?
2
Suppose -5*t = 9 - 29. Suppose -1 = -m + t. What is the tens digit of (-158)/(-4) + m/(-10)?
3
Suppose 5*d + 3*t = 1, 2*d - 4*t = 4*d + 8. Suppose -3 + 11 = 2*o, d*o - 2 = 3*p. What is the units digit of p?
2
Let b(v) = v**3 - 2*v**2 - 3*v + 11. What is the tens digit of b(4)?
3
What is the hundreds digit of ((-78)/5)/((-848)/(-85) - 10)?
6
Let h be (2*-1 + -2)*(-255)/(-30). Let u = 42 + h. What is the units digit of u?
8
Let d = 8418 - 5035. What is the thousands digit of d?
3
Let h = -2330 + 4189. What is the tens digit of h?
5
Suppose -5*r = -10*r + 1795. Let x = r + -535. What is the units digit of 3/(-15) - x/5?
5
Suppose -3*a - 4 + 31 = 0. Suppose f - a = 43. What is the tens digit of f?
5
Let u = 10 - 40. Let w = 42 - u. What is the units digit of w?
2
Let b(k) = 4*k**3 - 122*k**2 - 11*k + 87. What is the tens digit of b(31)?
6
Let d(h) = h**3 + 5*h**2 + 2*h + 3. Let y be d(-2). Let r(g) = 7*g**2 + y*g**2 - g + 1 - 4*g + 3*g. What is the units digit of r(1)?
7
Suppose -3*l - 16 = -5*k, -5*k - 2 + 16 = -2*l. What is the tens digit of (l*4/24)/((-2)/342)?
5
Suppose 1615 = 20*w + 295. What is the tens digit of w?
6
Let j(b) = 22*b**2 + 8*b - 13. What is the units digit of j(-6)?
1
Suppose -2*q + 0*k + 21 = -3*k, -2*k = q. Suppose -10 = -q*r - 28. What is the units digit of r*((-12)/9 - 3)?
3
Let b(o) = -673*o**3 + 4*o**2 + o - 2. What is the hundreds digit of b(-1)?
6
Let f = -84 - -94. Let q(u) = -u**3 - 5*u**2 - 4*u - 2. Let c be q(-5). Let t = c + f. What is the tens digit of t?
2
Let b be ((-39)/(-2))/((-10)/(-20)). Let p = b + -17. What is the units digit of (p - -1) + -3 - 0?
0
What is the hundreds digit of (-994)/(-6) - (392/(-42))/28?
1
Let l(y) = 182*y**2 + 3*y + 3. Let u be l(-1). Let i = u + -115. What is the tens digit of i?
6
Let w be (111 - (-3 + 5)) + 2. Suppose 4*x - w - 289 = 0. Let s = x + -62. What is the tens digit of s?
3
Let l(w) = w - 5. Let h be l(4). Let g be (19 + -17)*(h + 2). Let j = 35 - g. What is the units digit of j?
3
Let k be (-15)/6*(-18)/15. Let g(c) = k - 4*c + 3*c + 3*c. What is the tens digit of g(6)?
1
Suppose 2476 = 8*g - 6*g. What is the hundreds digit of g?
2
Suppose 0 = -5*p + 2*i + 20 + 10, 5 = -i. Suppose 5*f = -l - 12, 5*l + 6 + 12 = -p*f. Let w = f + 10. What is the units digit of w?
8
Let y = -55 - -80. Let r(d) = 3*d + y*d**3 - 2*d - 2*d**3. What is the units digit of r(1)?
4
Let v(g) = -g**2 - 56*g - 15. What is the units digit of v(-16)?
5
Let k(j) = 33*j**2 - j. What is the units digit of k(-2)?
4
Let n(i) = i**3 + 12*i**2 - 36*i - 28. What is the units digit of n(-14)?
4
Let f = -10 + 12. Suppose 0 = 5*j - 2*w - 853, f*j - 6*j + 660 = 4*w. Suppose 5*a + 69 = j. What is the units digit of a?
0
Let k(h) = h**2 + 2*h + 84. Suppose -a + 25 = -5*u, a + 2*a + 15 = -3*u. Let m be k(a). Suppose 0*b + 6*b = m. What is the tens digit of b?
1
Let u = 275 + -45. Let b = u - 136. What is the tens digit of b?
9
Suppose 0 = -136*s + 166*s - 67950. What is the tens digit of s?
6
Suppose -3*d + 28 = y + 2*d, -4*d = -20. Suppose -3*a - 1212 = -4*i, y*a = i + 8*a - 326. What is the units digit of (5/15)/(2/i)?
1
Suppose 4*m + 12793 - 5046 = 5*t, -4*t - 2*m + 6182 = 0. What is the units digit of t?
7
Suppose -70 - 60 = -2*t. Suppose 5*z = -18 - 7, -t = -5*h - 2*z. What is the units digit of h?
5
Suppose -y - 6*y + 70 = 0. Let b = 39 + y. What is the tens digit of b?
4
Let w(p) = p**2 + 3. Let i be w(0). Suppose -4*r = -2*l - 136, -3*l = -r + 26 + 8. Suppose -g + r = -4*h, g - 2 = -i*h - 3. What is the tens digit of g?
1
Suppose 2*a - 5*h + 22 = 4*a, 4*a - 3*h + 8 = 0. Let n = a - 1. Suppose -p + 22 = -n*p. What is the units digit of p?
2
Let t = 9 + -13. Let c = t - -5. What is the units digit of (-14 + c + 0)*-1?
3
Suppose -17332 = 35*n - 49*n. What is the tens digit of n?
3
What is the units digit of ((-66)/18 - -4)*231?
7
Let c = -26 - -44. Suppose 0 = 5*q - 0*w + 2*w - c, -w + 4 = 0. Suppose -q*d = d - 78. What is the tens digit of d?
2
Suppose 5*b - 8380 = -5*b. What is the tens digit of b?
3
Suppose 8*j - 3855 = 3*j. What is the hundreds digit of j?
7
Suppose -2*j - q = -j - 431, j = -5*q + 411. What is the hundreds digit of j?
4
Let l = -2 - -7. Suppose -2*o = -o - l. Suppose -2*h + 28 = -o*j - 71, 0 = 4*h - 4*j - 168. What is the units digit of h?
7
Suppose 11079 + 12310 = 19*f. What is the hundreds digit of f?
2
Let p = -55 + 2163. What is the thousands digit of p?
2
Suppose 3*h - 6 = -3*b, 3*b + 0*h - 46 = 5*h. Let m = b - 1. What is the units digit of m?